 = 3*n. Suppose 8 - n = -a. List the prime factors of (-3)/(-2)*(-16)/a.
2
Let g be 3*((-12)/9 - -2). Let r be -1 + (-2)/g - 3. Let j(a) = a**3 + 5*a**2 + a + 7. List the prime factors of j(r).
2
Suppose 15 + 9 = 4*b. Let o be (-49)/6 + 1/b. Let x = o - -24. What are the prime factors of x?
2
Suppose 0*n - 54 = -3*n. Let r be 76/n + 4/(-18). Suppose -2*m = -2 - r. What are the prime factors of m?
3
Suppose 12*v + 245 - 1601 = 0. List the prime factors of v.
113
Let y be 3/(-2)*(-1 + -1). Suppose 5*w = 5*c + 260, y*w + 2*c - 148 = c. Suppose -6*k = -k - w. What are the prime factors of k?
2, 5
Let r(w) = 8*w**2 + w. Let b be r(3). Let v be 6 - (0 - -1) - -2. Suppose -b = -v*d + 2*d. List the prime factors of d.
3, 5
Let c be (-1)/5 - 78/10. Let o = 1 - c. List the prime factors of o.
3
Suppose 0 = -3*n + n + 24. Suppose 2*b + 0 = n. List the prime factors of b.
2, 3
Let o be 4/(-18) + (-75)/27. Let x = o + 14. List the prime factors of x.
11
Suppose y - 167 = -2*l, 169 = 3*l - y - 94. What are the prime factors of l?
2, 43
Suppose -2*y - 20 = k, 0*y - y = -4*k + 19. Let x = y - -15. Suppose x*w - 15 = w. What are the prime factors of w?
5
Let o = 18 + -33. Let a = 84 + o. Suppose -4*t + a = 5. What are the prime factors of t?
2
Suppose -7 + 22 = -3*v, -v = 4*s - 15. Suppose 32 = m + s. List the prime factors of m.
3
Suppose -370 = -8*m + 1454. What are the prime factors of m?
2, 3, 19
Let t(b) = b**3 + 7*b**2 + 5*b - 3. Let z be t(-6). Suppose 27 = 3*d + z*x, -x = -4*d - 3*x + 26. Suppose 3 - 39 = -d*n. What are the prime factors of n?
3
Let r be 10/2 + (-3)/(-3). Let y(v) = v**2 - 4*v + 1. What are the prime factors of y(r)?
13
What are the prime factors of 5/2*(-44)/(-5)?
2, 11
Let b = -22 - -15. Let n be 3/(6/14) - -3. Let l = n + b. List the prime factors of l.
3
Let b(j) = -j + 5*j - 7 + 5*j + j. What are the prime factors of b(3)?
23
Suppose -u = 2*q - 34, -2*q = u + 4*u - 26. What are the prime factors of (q/2)/(1/5)?
3, 5
Suppose 0 = -6*v + 11*v. Suppose -4 = -2*t - v. What are the prime factors of t?
2
Let x be (4/5)/((-20)/(-50)). List the prime factors of (4/(-3))/(x/(-15)).
2, 5
Let u = -1 - 2. What are the prime factors of -20*u/(-15)*-6?
2, 3
Let p be -10*((-21)/15 + 1). Suppose 3*s - 3*n = 6 - 3, 3*s + p*n = -11. What are the prime factors of s/(-3) - (-32)/3?
11
Let x = 0 + 0. Suppose -b - 2 + 16 = x. What are the prime factors of b?
2, 7
Let s(j) = j**3 - 7*j**2 - 4*j - 6. List the prime factors of s(8).
2, 13
Suppose 3*d - 3 = 4*q + 129, -2*d + 88 = -3*q. Suppose j = 4*x + 35, 4*x - 15 = -j - d. Let c = x - -10. List the prime factors of c.
2
Let f be ((-7)/(-5))/((-4)/(-20)). What are the prime factors of (-12)/(-42) - (-96)/f?
2, 7
Let p = -33 - -16. Let t = p - -31. What are the prime factors of t?
2, 7
Let j(l) = l**2 + 16*l + 1. Let a be -1 + (-2 - 0) - 9. Let b be j(a). Let k = -32 - b. What are the prime factors of k?
3, 5
Suppose -4*w + 309 = -255. What are the prime factors of w?
3, 47
Let g = -5 + 9. Suppose -l - 65 = -5*l + 5*h, 4*h = -g. What are the prime factors of l?
3, 5
Suppose -7 = -4*l + 3*l. Suppose x = -2*x + 45. Let w = x - l. List the prime factors of w.
2
Suppose 3*u = -0*u - 3. List the prime factors of -2 - (-28)/(u - -2).
2, 13
Suppose -5*z - 2*o + 66 = -3*z, -z = -4*o - 53. Suppose 0 = -2*k + 5*f + 20, -4*k + f + 3 + z = 0. List the prime factors of k.
2, 5
Suppose -2 = -4*n + 3*n. Let t = n - -3. What are the prime factors of t?
5
Let f(g) = -g**3 + 1. Suppose -5*d = -2 - 3. Let l be f(d). Suppose l = -5*m + 2*m + 9. List the prime factors of m.
3
Let l = 35 - 0. Suppose 0 = 2*g - 5*i - l, -5*g + 4*i - 2*i = -56. Suppose -w + 5*c - 2 = -g, -4*c = -2*w + 10. What are the prime factors of w?
3
Let w = 17 + -5. Suppose 2*c - 3*l + 4 = 0, 0*c + w = 2*c + 5*l. Suppose 2*v - c = 41. What are the prime factors of v?
3, 7
Let t(h) = 5*h - 16. List the prime factors of t(7).
19
Suppose -2*x = 5*c - 31, -2*x - c = -12 + 1. Suppose x*j = -0*j + 9. Suppose j*w + 4 = -d + 19, 4*w + 5*d = 20. List the prime factors of w.
5
Suppose 1 = 2*i - 5. Suppose 0 = -w - i*w + 36. List the prime factors of w.
3
Suppose -3*t - 2*t = -20. List the prime factors of t.
2
Let i(k) = k**3 + 3*k**2 - 6*k - 4. Let n be i(-4). What are the prime factors of 28 - (-2)/(n + -2)?
29
Suppose -7*o + 2*o + 70 = 0. Suppose -3*p - 23 = -3*a - 2, 5*a - o = -2*p. List the prime factors of a.
2
Let n(x) = 2*x + 1. Let r(u) be the second derivative of -u**3/6 + u. Let b(v) = n(v) - 4*r(v). List the prime factors of b(1).
7
Let m(l) be the second derivative of -2*l**3/3 + 3*l**2/2 + 2*l. What are the prime factors of m(-3)?
3, 5
Suppose 4*y - 20 = 0, -6*y + 235 = 5*j - y. Suppose j = z + 2*z. What are the prime factors of z?
2, 7
Suppose -t - 4*t = 5*d - 25, -5*t + 23 = 4*d. Let k be t/(-6) - 2/(-4). Suppose -z = -u + 13, -2*z + k*z + 4 = 0. What are the prime factors of u?
3, 5
Let o(p) = -p**3 + 7*p**2 + 9*p - 6. Let g be o(8). Let c(f) = g*f - 12*f + f. List the prime factors of c(-1).
3
Let l(t) be the first derivative of -t**4/4 - t**3 + t**2/2 + 4*t + 1. Let n be l(-3). Suppose 2*g - 11 = n. List the prime factors of g.
2, 3
Suppose 3*p = 5*z - 3, -4*z = 5*p - 31 - 1. Let g be 1 - (-1 + 4 + 0). What are the prime factors of -2 + z + g/(-2)?
2
Suppose 3*l + 3*a - 39 = 24, -4*a = 8. List the prime factors of l.
23
Suppose -3*j = -8*j + 25. Suppose w - j*u + 2*u + 9 = 0, -1 = w - u. What are the prime factors of w?
3
List the prime factors of 1881/6*1/(3/2).
11, 19
Suppose 5*g - 5*z + 30 = 0, -5*g + 3*z - 4 - 24 = 0. Let j = 3 + g. List the prime factors of (1 - 0)/(j/(-12)).
2, 3
Let q be 2 - 1*(5 + -3). Suppose q = -3*r - r + 8. List the prime factors of r.
2
Suppose -10 - 175 = -5*j. Let t = -26 + j. List the prime factors of t.
11
Let j = -8 + 8. Suppose 0 = -2*u + 5 + 35. Suppose 5*l - 15 = j, -3*l = h - 0*l - u. List the prime factors of h.
11
Let c = 13 - -9. What are the prime factors of c?
2, 11
List the prime factors of (4 - -2*8) + -3.
17
Let l(p) = 4*p - 2. Let a = 19 + -13. List the prime factors of l(a).
2, 11
Let c = 8 - -40. What are the prime factors of c?
2, 3
Let c be (-10)/4*(9 + -3). Let x = 21 + c. What are the prime factors of x?
2, 3
Let d = 49 + -39. What are the prime factors of d?
2, 5
Suppose -2*r + 46 = -20. List the prime factors of r.
3, 11
Suppose -17*z + 18 = -15*z. List the prime factors of z.
3
Let i = -5 - -5. Suppose i = d + 2*q - 4, 2*d + 2*q + 14 = 4*d. What are the prime factors of d?
2, 3
Suppose -4*o - y + 7 = -o, 2*y - 4 = -o. Suppose -o*s = -3*s - 88. What are the prime factors of (-2)/(-9) - s/9?
2, 5
Suppose 0 = -4*x - 2*v + 268, 3*v + 3 = x - 50. Suppose -5*m = 2*t - 69, 4*t - x = m + 128. What are the prime factors of t?
47
Let t(m) = 4*m**2 - 7*m + 7*m. List the prime factors of t(3).
2, 3
Let u(p) = -p - 1. Let v(j) = -4*j - 6. Let n(t) = 3*u(t) - v(t). Suppose b = -6*i + 3*i + 11, -5*i - 3*b + 17 = 0. What are the prime factors of n(i)?
7
Suppose -4*g + 19 = -t - 4*t, -5*g - 5*t + 35 = 0. Let x(o) = -3*o - 2*o - 1 + 3 + o**2 - 1. What are the prime factors of x(g)?
7
Suppose -3*d + 8*d - 100 = 0. Suppose 14 = 2*k - d. What are the prime factors of k?
17
Let n(w) = -w**2 + w + 1. Let c be n(0). Let u be (c/3)/((-3)/(-45)). Let h(s) = s - 1. What are the prime factors of h(u)?
2
Let k = -25 + 41. Suppose 4*x - 3*x = k. List the prime factors of x.
2
Let a = 9 - -3. Let b be 3/(-4) - (-21)/a. Suppose b = -q + 12. What are the prime factors of q?
11
Let j = 53 + -3. What are the prime factors of (j/2 - 1) + -2?
2, 11
List the prime factors of 2 + 5 - (7 + -11).
11
Let a = -59 + 117. List the prime factors of a.
2, 29
Suppose 10 = 4*m - 2*m. Suppose 21 = m*t - 4*t + 5*h, t + 15 = 4*h. Let c(n) = 10*n - 1. What are the prime factors of c(t)?
3
Let i(y) = -y - 4. Let x be i(-7). Suppose -x*q - 4*a = 4, -4*q + a = -q - 16. Suppose 2*j = -6, 0 = 2*h - q*j - 26 + 2. List the prime factors of h.
2, 3
Let g(v) = -5*v - 2*v + 0 + 0*v - 4. Let o be 1*1/(3/(-9)). What are the prime factors of g(o)?
17
Let v(u) = 2*u - 4 + 0 - 9*u + 5. Let r be v(-1). What are the prime factors of 2/((r/(-11))/(-4))?
11
Suppose 2*i = 16 + 116. What are the prime factors of i?
2, 3, 11
Suppose 3*d = 3 + 3. Suppose -3*m +